pose -3*s + 6 + 42 = 0. What is the highest common factor of s and c?
16
Let f = -7 + 9. Let t(n) = 8*n - 1. Let r be t(f). Let b(s) = s**3 + 2*s**2 - 2*s - 1. Let c be b(-2). What is the highest common factor of c and r?
3
Suppose -3 - 4 = -u. Suppose 3*w = -w. Suppose w = j - 2*j + 14. Calculate the highest common factor of j and u.
7
Let f be ((-1)/3)/(4/(-12)). Suppose -2*c + f = 7, -2*j + 47 = 3*c. What is the highest common divisor of 7 and j?
7
Let h(d) = d**3 - 5*d**2 - 5*d - 4. Let u be h(6). Let m(f) = -f**3 + 9*f**2 - 5*f - 10. Let c be m(8). What is the highest common factor of c and u?
2
Suppose -24 = 5*m + 16. Let i = m - -10. Suppose i*w = 4*w - 32. Calculate the greatest common divisor of 4 and w.
4
Suppose 5*r - 17 = 2*m, 4*r - 20 = -4*m + 16. Calculate the greatest common factor of r and 20.
5
Let i(v) = -4*v - 14. Let j be i(-8). Let f = j + -16. What is the highest common factor of 1 and f?
1
Suppose -2*r + 23 = t, -1 = -5*r + t + 46. What is the greatest common factor of r and 90?
10
Let z(s) = 3*s - 4. Let u be z(6). Let r be (u + 2)*4/8. Suppose 0 = 3*b - 3 - 45. What is the greatest common factor of r and b?
8
Suppose 0 = -2*s + 3*g + 5, s - g + 3 = 5*s. Let t be (-4)/(-18) - (-21)/27. What is the highest common factor of s and t?
1
Let h(z) = z**2 - z + 4. Let a be h(0). Suppose 0 = 7*n - a*n - 63. What is the greatest common factor of n and 231?
21
Let u be -3 + 2 + -2 + 49. Calculate the greatest common divisor of 23 and u.
23
Suppose -6*h + 2640 = -h. Suppose -3*k = -5*x - h, 3*k = 8*k - 2*x - 861. What is the highest common divisor of k and 19?
19
Let u be (1 - 0)/(1/5). Suppose -u*f + 5 = -10. Suppose -4*d - 3*i = -5*d - f, -4*d = -2*i - 38. Calculate the greatest common factor of 96 and d.
12
Let h be (3 + -3)/3 - -18. What is the highest common factor of h and 12?
6
Suppose 5*q - 18 = -3*j, 4*q - 9 = -2*j + 7. Let v = -50 - -104. Calculate the highest common divisor of v and q.
6
Suppose -140 = -10*g + 6*g. Calculate the highest common divisor of g and 5.
5
Let d(l) = -2*l**2 + 10*l. Let g be d(7). Let b be (-1)/(-7) + (-780)/g. What is the highest common factor of 14 and b?
14
Suppose 6*l = 60 + 24. What is the highest common divisor of l and 126?
14
Let f(c) = 3*c**2 + 4*c - 4 - c**3 + 0*c**2 - 5*c**2 + 1. Let i be f(-4). Let k = -4 + i. Calculate the highest common divisor of k and 63.
9
Suppose 7*b - 46 - 24 = 0. Let x(k) = 2*k**2 - 5*k - 5. Let w be x(-5). Calculate the greatest common divisor of w and b.
10
Let g = -8 - -38. What is the greatest common factor of 6 and g?
6
Suppose -102 = -4*o - 2*q, 3*o = -2*o - 3*q + 129. Calculate the highest common divisor of o and 6.
6
Let h(q) = 5*q**2 - 6*q + 6. Let g be h(3). Calculate the highest common factor of 33 and g.
33
Let a = -19 - -21. Let s be ((-4)/8)/((-2)/28). Let w = s - -1. What is the highest common factor of a and w?
2
Let o = 7 + -15. Let p be o/36 - 634/(-18). Calculate the greatest common divisor of 14 and p.
7
Let d(j) = 23*j - 19. Let a be d(8). Suppose -t - 5*i = 5, -7*i + 3*i - 76 = -4*t. What is the highest common factor of t and a?
15
Let q = 5 - 2. Suppose 0 = -q*z + 4*s + 226, 3*z + 3*s - 88 = 110. What is the greatest common divisor of z and 28?
14
Let n = -42 + 65. What is the greatest common factor of 161 and n?
23
Let q(r) = -2*r + 9. Let v be q(0). Suppose -4*j + v = -91. What is the greatest common divisor of j and 200?
25
Let u(a) = a**2 + 8*a - 1. Let m be u(-9). Suppose v - 3*z - 2*z = m, -2*z = 4*v - 76. Calculate the highest common factor of v and 36.
18
Suppose 0*l = l - 90. Let q(b) = b + 0*b**2 + 2*b + b**2 + 0*b. Let o be q(-6). What is the greatest common divisor of o and l?
18
Let x(b) = 2*b + 6. Let o be x(10). Let i(l) = 53*l**3 - 2*l + 1. Let j be i(1). What is the greatest common factor of o and j?
26
Let m = -12 + 20. What is the highest common divisor of 40 and m?
8
Let c(z) = 4*z - 2. Let f be c(8). Let p = -7 - -52. What is the highest common factor of f and p?
15
Suppose -3*k + 20 = -184. Let f = k + -34. Calculate the greatest common factor of f and 51.
17
Let v be 2/3*6/1. Let g = 5 + -4. Let l = g - -31. What is the greatest common divisor of v and l?
4
Let x(i) = i**2 + 11*i + 11. Let d(y) = -y**2 - 2*y. Let t be d(2). Let p be x(t). Let o = p + 18. What is the greatest common divisor of 50 and o?
5
Let b be ((-16)/(-3))/(10/15). What is the greatest common divisor of 8 and b?
8
Let h = 15 - 5. Suppose 3*m + 100 = b, -2*b - 2*m - 2*m = -200. Calculate the greatest common factor of h and b.
10
Let w be 42/4 - (-5)/(-10). What is the highest common divisor of w and 25?
5
Suppose -3*m + 48 = 30. Calculate the greatest common factor of m and 24.
6
Let l = 31 - -29. Let a be (0 + 2)*(-12)/(-2). What is the greatest common divisor of l and a?
12
Suppose 20 = 3*h + 2*h. Suppose -j = -h*u + 9 + 11, 3*j = 12. What is the highest common factor of u and 54?
6
Let x be ((-1054)/(-4))/17 + 1/2. Calculate the highest common divisor of 20 and x.
4
Let k(u) = -5 + 0 - 2*u + 3. Let c be k(-5). Calculate the highest common divisor of 8 and c.
8
Let c be (3/3)/((-2)/(-22)). What is the greatest common factor of c and 44?
11
Suppose -5*o + z + 329 = 0, -3*z = -0*z + 12. Calculate the highest common factor of 13 and o.
13
Suppose 3*p = -2*r + 406 + 122, 0 = -3*r. Calculate the greatest common divisor of 11 and p.
11
Suppose -8 = x - 3*w, 4*x - 2*w + 10 = x. Let y be (-2)/(-10) + ((-48)/(-10) - 0). Let h = x + y. Calculate the greatest common factor of 33 and h.
3
Let v = -10 + 22. Let p = -1 + 2. Let b be (p - 7)/((-2)/12). What is the greatest common factor of b and v?
12
Suppose x = -4*x + 150. Calculate the greatest common divisor of 10 and x.
10
Let u be ((36/15)/(-4))/((-1)/85). Calculate the highest common factor of u and 153.
51
Let b = 29 + -25. What is the highest common divisor of b and 32?
4
Let q be (-294)/(-12) + 2/(-4). Calculate the greatest common divisor of q and 8.
8
Let w = -60 - -90. What is the greatest common factor of 210 and w?
30
Let u(m) = -11*m**2 + 1. Let l be u(1). Let f = l + 30. Suppose 0 = -n + 5*z + 55, 4*z + 60 = 4*n - 3*n. Calculate the highest common divisor of n and f.
20
Let u(l) = 12*l - 6. Let q be u(2). Calculate the greatest common factor of 27 and q.
9
Suppose 30 = 2*h + 5*r, 2*r + 2 = 2*h - 0. Suppose -a + 15 = -6*b + 3*b, -h*b = 5*a - 15. What is the highest common factor of 30 and a?
6
Let w = 18 - 14. Suppose 5*t - 2*u - 50 = 2*t, -t - 4*u + 12 = 0. What is the highest common factor of w and t?
4
Suppose -3*i - i - 284 = -2*v, -5*i = -4*v + 571. Calculate the greatest common divisor of 18 and v.
18
Let u(j) = -25*j - 5. Let t be u(-5). Suppose 5*n - 29 = 46. Calculate the highest common divisor of n and t.
15
Suppose -u + 3 = 0, -5*b + 3*u - u + 124 = 0. Let w(c) = 11*c - 16. Let q be w(5). What is the greatest common divisor of b and q?
13
Let z = -38 - -54. What is the highest common factor of z and 4?
4
Let k be (-4)/10 + (-6)/(-15). Suppose k*i = i - 40. Suppose -16 = -0*j - 2*j. What is the greatest common divisor of i and j?
8
Let t(s) = -4*s + 2. Let w be t(-4). Calculate the greatest common factor of 18 and w.
18
Suppose 3*a + j - 179 = 449, 4*a - 2*j = 824. What is the greatest common divisor of 26 and a?
26
Suppose 0 = 5*h + 4*b - 234, h + b = 29 + 17. Let q = h - 0. Calculate the highest common divisor of 10 and q.
10
Let l = -64 - -119. Let w be (-38)/(-4) - 3/6. Let q be (-1 + 75/w)*3. What is the greatest common factor of l and q?
11
Let h(g) = -28*g + 4. Let j be h(-1). What is the greatest common factor of 48 and j?
16
Let k(h) = h**2 + 3*h. Let l(y) = -3*y + 3. Let j be l(3). Let f be k(j). What is the greatest common factor of f and 12?
6
Let x = -14 - -4. Let q be (-8 + 24)*x/(-8). Suppose 0*m = 3*m - 60. What is the highest common divisor of q and m?
20
Let t(y) = -2*y**2 + 34*y + 20. Let r be t(15). What is the highest common divisor of 20 and r?
20
Let x be -1 - 1/(1/(-41)). Let o(h) = 2*h**3 + 2*h - 4. Let u be o(2). What is the highest common divisor of x and u?
8
Suppose 2*x + 6 = 5*x. Let s be (6/(-6))/(x/(-14)). Calculate the highest common factor of 1 and s.
1
Let p be 6/(-21) + (-312)/(-14). What is the greatest common factor of p and 176?
22
Let x(